onvert 676 (base 12) to base 4.
32322
11011000110101 (base 2) to base 7
55313
What is 3002 (base 12) in base 6?
40002
Convert -2221222 (base 4) to base 10.
-10858
-22356 (base 8) to base 14
-3634
Convert -1101000000 (base 2) to base 7.
-2266
1021121221 (base 3) to base 5
1301433
Convert 12343 (base 7) to base 6.
23041
3ec (base 16) to base 7
2633
Convert -60546 (base 8) to base 3.
-1021012111
Convert 1302 (base 4) to base 12.
96
What is -31036 (base 10) in base 9?
-46514
What is -133202 (base 4) in base 14?
-a42
What is 1097 (base 10) in base 6?
5025
What is -1a9d (base 14) in base 8?
-11353
What is 13425 (base 8) in base 5?
142114
15793 (base 11) to base 7
121566
What is -10011011 (base 2) in base 16?
-9b
What is 220121 (base 3) in base 2?
1010011000
What is 64220 (base 9) in base 10?
42462
What is -1001111 (base 3) in base 8?
-1401
5807 (base 10) to base 5
141212
What is -691 (base 15) in base 4?
-113032
What is -10774 (base 9) in base 14?
-289d
What is 207 (base 14) in base 2?
110001111
What is -30c (base 14) in base 9?
-736
What is a34 (base 13) in base 14?
8bb
Convert -523 (base 13) to base 15.
-3d4
Convert -201301 (base 4) to base 15.
-991
112133 (base 4) to base 7
4124
What is 210112212 (base 3) in base 8?
36536
Convert 11616 (base 7) to base 6.
22043
Convert -2024213 (base 5) to base 16.
-8122
-3317 (base 8) to base 9
-2346
What is 1c40 (base 13) in base 10?
4277
a34 (base 13) to base 7
5024
What is 849 (base 12) in base 5?
14314
-1130 (base 6) to base 8
-416
Convert 2411 (base 7) to base 9.
1188
What is 10a27 (base 14) in base 8?
116733
What is -80 (base 16) in base 14?
-92
What is 102235 (base 6) in base 15?
26d8
Convert 55034 (base 9) to base 8.
107201
-3032110 (base 4) to base 2
-11001110010100
What is -3f49 (base 16) in base 7?
-65143
-28af (base 16) to base 4
-2202233
-9b9 (base 14) to base 4
-132013
What is -403340 (base 5) in base 3?
-122210101
Convert 159 (base 11) to base 2.
10111001
What is -3a (base 14) in base 7?
-103
6400 (base 9) to base 5
122243
Convert -50520 (base 9) to base 14.
-c176
Convert -bb6 (base 13) to base 12.
-11b4
Convert 3729 (base 10) to base 11.
2890
What is 30011 (base 4) in base 8?
1405
-2839 (base 10) to base 11
-2151
-11312221 (base 4) to base 6
-303001
Convert -5aa (base 11) to base 4.
-23111
Convert -364 (base 14) to base 6.
-3044
Convert -a771 (base 11) to base 8.
-33633
What is -560 (base 14) in base 13?
-63b
-10220 (base 3) to base 8
-151
What is -1021102 (base 4) in base 9?
-6381
Convert -1002211 (base 3) to base 15.
-38a
What is 43440 (base 6) in base 16?
1770
Convert -1011 (base 6) to base 7.
-436
Convert 12022 (base 7) to base 13.
1549
What is -3344 (base 5) in base 15?
-219
-1102212002 (base 3) to base 14
-a473
Convert -1a88 (base 11) to base 14.
-d65
Convert 51743 (base 8) to base 5.
1141400
1001000101 (base 3) to base 12
b99a
1d5 (base 14) to base 2
101111111
What is -12102221 (base 4) in base 6?
-315145
-390f (base 16) to base 5
-431412
31188 (base 9) to base 15
6168
What is 27a9 (base 14) in base 4?
1231201
What is 32806 (base 10) in base 16?
8026
-30123032 (base 4) to base 14
-14794
Convert -472 (base 9) to base 12.
-285
What is -a53 (base 12) in base 13?
-8b8
What is -10503 (base 6) in base 16?
-5c7
What is 78b (base 15) in base 6?
11522
282 (base 10) to base 11
237
Convert -102212010 (base 3) to base 13.
-3c1b
What is -b870 (base 14) in base 10?
-31850
What is -1010001 (base 2) in base 9?
-100
What is 1130 (base 7) in base 16?
19d
Convert 5c9 (base 16) to base 9.
2025
What is -4585 (base 11) in base 9?
-8231
Convert 2302031 (base 4) to base 16.
2c8d
-6867 (base 9) to base 6
-35311
What is -25162 (base 8) in base 7?
-43452
Convert -11bb2 (base 12) to base 15.
-7272
2a20 (base 14) to base 10
7476
What is -13b8 (base 14) in base 7?
-13121
-134 (base 14) to base 11
-200
Convert 13203102 (base 4) to base 12.
15a96
-6163 (base 11) to base 7
-32560
8016 (base 16) to base 9
48873
-23031 (base 4) to base 3
-222120
Convert 112033 (base 5) to base 7.
14500
-2110 (base 9) to base 16
-60c
Convert 4b (base 14) to base 4.
1003
298 (base 10) to base 14
174
Convert 1100111000010111 (base 2) to base 14.
15327
What is 13013212 (base 4) in base 11?
1a9a8
What is -120 (base 4) in base 14?
-1a
What is -1926 (base 15) in base 10?
-5436
What is -d4 (base 15) in base 13?
-124
Convert 1055 (base 7) to base 16.
17f
-1088 (base 9) to base 15
-38e
What is -6d6 (base 15) in base 2?
-11000001111
1624 (base 7) to base 8
1217
Convert -65603 (base 7) to base 11.
-11376
3bd (base 15) to base 11
706
Convert -47d (base 14) to base 5.
-12040
Convert 3534 (base 11) to base 6.
33243
What is -4 (base 7) in base 11?
-4
Convert -13211002 (base 4) to base 14.
-b454
3991 (base 16) to base 4
3212101
2000202211 (base 3) to base 6
504504
-651 (base 8) to base 12
-2b5
-b1a (base 15) to base 13
-11a4
641 (base 10) to base 15
2cb
What is 447 (base 15) in base 16?
3c7
What is -124631 (base 7) in base 13?
-a7b1
1043 (base 9) to base 13
471
Convert a14 (base 11) to base 13.
733
1611 (base 9) to base 5
14400
-3116 (base 8) to base 9
-2183
3244 (base 5) to base 8
701
What is -bc4 (base 13) in base 12?
-1203
What is -338 (base 15) in base 5?
-10403
480 (base 12) to base 5
10142
What is -c1 (base 14) in base 9?
-207
2785 (base 10) to base 13
1363
Convert -1011020 (base 3) to base 13.
-4cb
What is -1001001011110 (base 2) in base 7?
-16465
Convert -1200021 (base 3) to base 10.
-1222
123003 (base 5) to base 10
4753
What is -101 (base 16) in base 7?
-515
Convert -20354 (base 8) to base 7.
-33400
What is -425 (base 13) in base 12?
-4ab
What is -13030 (base 4) in base 3?
-122001
What is 14b (base 13) in base 16?
e8
Convert -111000010 (base 2) to base 5.
-3300
What is 545 (base 6) in base 13?
131
-1022100102 (base 3) to base 15
-797e
Convert -a6 (base 16) to base 10.
-166
ac4 (base 15) to base 3
10100011
Convert -11122101 (base 3) to base 10.
-3385
What is 14413 (base 9) in base 5?
303223
7a3 (base 15) to base 8
3300
What is 22021302 (base 4) in base 16?
a272
What is -11000111 (base 3) in base 6?
-21321
What is -496 (base 14) in base 11?
-763
-101101111101 (base 2) to base 14
-1101
Convert 2648 (base 10) to base 6.
20132
10011110100110 (base 2) to base 4
2132212
What is -3100 (base 5) in base 16?
-190
1434 (base 5) to base 11
202
1097 (base 10) to base 15
4d2
What is -13189 (base 10) in base 12?
-7771
Convert 17566 (base 10) to base 12.
a1ba
What is -25b (base 14) in base 8?
-731
Convert -3104412 (base 5) to base 12.
-25353
What is d93 (base 16) in base 10?
3475
1545 (base 9) to base 15
535
Convert -26e1 (base 16) to base 14.
-38ad
Convert -12581 (base 10) to base 11.
-94a8
Convert -100100100010111 (base 2) to base 5.
-1044321
What is 16250 (base 7) in base 15?
1562
What is 46655 (base 7) in base 10?
11996
-31bf (base 16) to base 2
-11000110111111
Convert -6bb (base 13) to base 11.
-972
Convert 4d2 (base 15) to base 5.
13342
16317 (base 9) to base 2
10101110111010
22c2 (base 14) to base 5
143200
What is -168a1 (base 13) in base 3?
-2012021222
Convert 7110 (base 10) to base 13.
330c
What is 5c65 (base 16) in base 15?
701d
What is 11477 (base 9) in base 16?
1e04
Convert ec (base 15) to base 10.
222
25827 (base 9) to base 13
7c27
-6ab (base 13) to base 4
-102003
2001212000 (base 3) to base 11
28655
Convert -13038 (base 11) to base 9.
-27550
Convert 1211010 (base 3) to base 15.
5d6
3413 (base 5) to base 3
122220
Convert -11001010000 (base 2) to base 7.
-4466
-28b8 (base 12) to base 15
-1618
Convert -5557 (base 9) to base 13.
-1b37
Convert -111120 (base 3) to base 16.
-16e
Convert 16a03 (base 13) to base 10.
43436
Convert -30500 (base 9) to base 6.
-233000
What is -2725 (base 12) in base 13?
-2078
Convert 85d (base 16) to base 15.
97b
What is -3484 (base 13) in base 5?
-214000
Convert -143043 (base 6) to base 15.
-4090
Convert -503 (base 7) to base 8.
-370
Convert -3877 (base 13) to base 4.
-1331221
What is 1114 (base 5) in base 9?
186
-2121033 (base 4) to base 11
-7406
Convert -4403 (base 14) to base 4.
-2313303
1300 (base 8) to base 11
590
1022010202 (base 3) to base 8
62020
11011000101011 (base 2) to base 8
33053
102f5 (base 16) to base 7
364163
Convert -2b (base 12) to base 6.
-55
Convert b92 (base 13) to base 4.
132322
14a5 (base 15) to base 